nd q.
12
Let p = -21873 - -22530. What is the greatest common divisor of p and 387?
9
Let h(b) = 43*b**2 - 3*b - 7. Let l be h(-4). What is the highest common divisor of l and 396?
99
Suppose -7*p + 6*p + 34 = 3*b, 0 = -4*p - 3*b + 154. Calculate the greatest common factor of 230 and p.
10
Suppose -4*n = -17 + 9. Suppose 2*h + n*i = -3*i + 20, 0 = -i + 2. Suppose 0 = m + t - h, -3*t + 1 = 4*m - 22. Calculate the greatest common factor of 1 and m.
1
Suppose -3*r + 89 = -5*q - 22, 0 = 4*r - q - 165. Let h be (-12)/r + 605/35. Calculate the greatest common factor of h and 153.
17
Suppose 0 = -2*j + j + 6. Let u = -73 - -177. Let c be ((-6)/5)/(2 + u/(-50)). What is the greatest common divisor of c and j?
3
Let u = -76 + 148. Suppose 8*q - 17*q = 1683. Let p = q + 235. What is the greatest common divisor of p and u?
24
Suppose n = -2*z + 163, -z - 624 = -4*n - 2*z. Suppose -n*c = -162*c + 1309. What is the highest common divisor of 17 and c?
17
Suppose 8685 = 8*w + 1557. What is the highest common divisor of 216 and w?
27
Let d(j) = -108*j**3 - 3*j**2 - 10*j - 18. Let t be d(-2). Calculate the greatest common factor of 56 and t.
14
Suppose -201*i + 11583 = -188*i. Calculate the greatest common divisor of i and 9.
9
Suppose 4917 = 10*z - 3583. Calculate the highest common factor of z and 200.
50
Suppose -1232 + 4480 = 7*d + 22*d. What is the highest common factor of d and 8120?
56
Suppose -v + 199 = 4*o, -5*o + 252 = 4*v - 6*v. Suppose 5*w = 307 - 57. Calculate the greatest common factor of o and w.
50
Suppose 427*w = 430*w - 108. Let g = 64 - w. What is the highest common factor of 133 and g?
7
Suppose -r - 81076 = -20*r + 9497. What is the highest common divisor of r and 21?
21
Suppose f + h - 5774 = 0, -f + 3*h + h = -5779. Let p be (-1 + 14/10)*f/210. Calculate the greatest common factor of 55 and p.
11
Suppose s = -s + 6. Let n(w) = 12*w - 150*w**s + 2*w**2 + 2 - 24*w + 15*w - w**2. Let j be n(-1). What is the greatest common factor of j and 30?
30
Let q = 512 - -46. Let k(y) = 3*y**3 + 260*y**2 - 747*y - 118. Let l be k(3). What is the highest common divisor of q and l?
62
Let z(s) = 113*s - 4. Let h be z(4). Let n be (-39)/(-26)*(-2 + 826/21). Calculate the greatest common divisor of h and n.
56
Let h be (1 - -3 - -1) + 15. Suppose 0 = d - 3*l - 2, h - 12 = 4*l. What is the highest common divisor of 104 and d?
8
Let x(v) = -v + 191. Let s be x(23). Suppose -b - 2*h + 14 = 0, b - 101 = -3*b + h. Calculate the greatest common factor of s and b.
24
Suppose f - 5 - 278 = -4*y, -3*f = -3*y - 879. Let z = f + -193. Suppose 0 = -2*p + g + 4*g + 48, g = 3*p - z. What is the highest common divisor of p and 17?
17
Let y be ((-48)/(-30))/1*(-25)/(-2). Let w be 11/(165/y)*(-18)/(-4). Suppose f - 24 = 2*u, 2*f = 6*u - 5*u + 33. What is the highest common factor of w and f?
2
Let z(l) = -l**3 - 7*l**2 - 25*l - 60. Let a be z(-5). Let v = -4 + 6. Suppose 16 = 4*b - v*y + 6*y, b = -3*y. Calculate the greatest common factor of b and a.
3
Let j(b) = b**2 + 20*b + 119. Let f be j(-9). Let o be 11/(-2)*(-120)/f. What is the highest common divisor of 891 and o?
33
Let w(j) = -5*j**2 + 43*j - 16. Let y be w(2). Suppose 0 = 4*n - 33 - 87. What is the greatest common factor of n and y?
10
Let o(g) = 6*g**2 - 4*g - 94. Let w be o(8). Calculate the highest common divisor of w and 48.
6
Suppose 19*u - 97303 = 15139. What is the highest common factor of u and 44?
22
Let o be 5*-1 - (3 - (-9 + 30)). What is the greatest common divisor of o and 5538?
13
Suppose -20 = -5*p, -4*t + 135 - 3 = -3*p. Let z be (-1)/(-12) + 46/(-552). Suppose 14*f - 211 + 43 = z. What is the highest common factor of f and t?
12
Let h(y) = -y**3 + 16*y**2 - 15*y + 22. Let b be h(15). Suppose 6 = 7*s - b. Suppose -56 = -3*t + s. Calculate the greatest common divisor of t and 80.
20
Let t(u) = u**2 + 2*u - 21. Let v be 5 - 0*2/12. Let y be t(v). What is the greatest common factor of y and 14?
14
Let g = 54 + 395. Suppose 448*q - g*q + 3 = 0. What is the highest common divisor of q and 42?
3
Suppose -365*u + 367*u + 12870 = 0. Let y be u/(-75) - (-2)/(-10)*-1. Calculate the highest common factor of 43 and y.
43
Let j be ((-5)/2)/((-3)/162). Let x(g) be the second derivative of 2*g**3 - 153*g**2/2 + g - 47. Let t be x(15). What is the highest common factor of t and j?
27
Let u(g) = 2*g**2 + 8*g. Let y be u(-5). Suppose -y*t + 8 = -22. Suppose 4*d + 0*d + 17 = -5*n, -2*d - 11 = t*n. What is the highest common factor of 22 and d?
2
Let m be -27*4*(3 - (-95)/(-30)). Let g = -5 + 22. Suppose -11*d + g*d = 540. Calculate the highest common factor of d and m.
18
Let w(k) = 5*k**2 - 35*k + 504. Let o be w(18). What is the greatest common divisor of o and 18?
18
Let v = 25707 - 25644. What is the greatest common divisor of 5397 and v?
21
Suppose 16*d = 4*d + 312. Calculate the greatest common divisor of 117 and d.
13
Suppose -14*s + 60509 + 13579 = -2*s. What is the greatest common divisor of s and 126?
126
Let h(o) be the first derivative of 11*o**2/2 - 5*o + 2. Let v be h(5). Let p = 694 - 669. Calculate the greatest common factor of p and v.
25
Let c(h) = -2*h**3 + 145*h**2 - 111*h - 672. Let p be c(70). What is the greatest common divisor of 62 and p?
62
Let a(v) = -v**2 - 4*v - 3. Let d be a(-2). Let q = -4613 - -4616. What is the greatest common divisor of d and q?
1
Let h(o) = -175*o - 68 - 1 + 200*o. Let c be h(12). Calculate the greatest common factor of 33 and c.
33
Let h = -3422 - -3430. Suppose 2*z = -2*z - 40. Let y be (z/30)/((-1)/6). Calculate the highest common divisor of y and h.
2
Let r(h) = 47*h - 19. Let v be r(2). Let b(n) = -13*n - 1. Let f be b(-2). Calculate the greatest common factor of f and v.
25
Suppose 4*q = -3*z + 7*q + 15, 0 = -2*z - 2*q + 22. Let b be (14/20)/(-7)*z*-20. Let x = -32 - -72. Calculate the highest common factor of b and x.
8
Suppose 2*k = 4*a - 3*k - 152, -20 = -5*k. Suppose -a = -29*r + 160. What is the greatest common divisor of 119 and r?
7
Let a = -27 - -37. Let y(i) = -25*i + 8. Let t(h) = 2*h - 2. Let r(q) = -5*t(q) - y(q). Let n be r(a). Calculate the greatest common factor of n and 38.
38
Let q(o) = -28*o + 16. Let l be q(2). Let v = 135 + l. Let s be 0 - 1/(3/(-114)). What is the greatest common divisor of s and v?
19
Suppose -20*c - 15*c + 14105 = 0. Let z = 4 - -9. Calculate the greatest common divisor of c and z.
13
Suppose 940708 + 24628 = 67*z. Calculate the highest common factor of z and 32.
8
Suppose -3*j + 3*k = -12, 0 = -k - 8 + 6. Suppose 5*u + l - 2576 = -3*l, 3*u + j*l = 1544. Calculate the greatest common factor of u and 16.
16
Let f = 7080 + -7062. What is the greatest common factor of f and 27?
9
Suppose -3*z - y + 1462 = 0, 312*z + y + 1940 = 316*z. Suppose -3*m - 45 = -2*r, -32 = -4*r - 4*m + 28. Calculate the highest common factor of z and r.
18
Let s(l) = l**2 + 476*l + 1173. Let d be s(0). What is the greatest common factor of 138 and d?
69
Suppose 3*f = -895 + 1633. What is the greatest common divisor of 6 and f?
6
Let f(t) = 5*t**2 - 5*t + 45. Let k be f(13). Suppose k = -71*r + 74*r. Calculate the highest common factor of 75 and r.
25
Suppose 5*u = 2*x - x + 305, -280 = -5*u - 4*x. Let n(f) = 7*f - 29. Let c be (-78)/104*56/(-6). Let j be n(c). Calculate the highest common divisor of j and u.
20
Suppose 5*r + 724 + 21 = 0. Let b = 292 + r. Calculate the highest common divisor of b and 11.
11
Let b(u) = u**3 + 29*u**2 + 202*u + 6. Let w be b(-16). What is the greatest common divisor of 1479 and w?
51
Let o = -91 + 100. Suppose 6*b - 226 + 10 = 0. Calculate the greatest common divisor of b and o.
9
Let x be 33 + -2 + 9/((-54)/(-48)). What is the greatest common divisor of x and 806?
13
Suppose 6*k = -2*m + 11*k + 3023, 0 = -5*m + 3*k + 7529. Calculate the greatest common factor of 96 and m.
32
Suppose 15*g - 17*g = z + 10, 3*g = 2*z - 22. Calculate the greatest common factor of z and 305.
1
Let z = 3292 + -3271. What is the greatest common factor of 483 and z?
21
Let f(r) = 3*r**2 - 4. Let z be -1*4/(-14)*7. Suppose -3*k + 22 = -5*v, 3*v - k + 8 + z = 0. Let o be f(v). Calculate the highest common factor of 32 and o.
8
Let y = 852 + -504. Let o = 74115 + -74091. Calculate the highest common factor of o and y.
12
Let r be 2*-9*(